ds digit of 193820?
8
What is the hundreds digit of 8805?
8
What is the ten thousands digit of 15775?
1
What is the thousands digit of 80331?
0
What is the hundreds digit of 2494?
4
What is the hundred thousands digit of 133299?
1
What is the tens digit of 1286?
8
What is the tens digit of 91963?
6
What is the tens digit of 210?
1
What is the thousands digit of 4225?
4
What is the tens digit of 7511?
1
What is the tens digit of 1172?
7
What is the units digit of 1649?
9
What is the hundreds digit of 1145?
1
What is the hundreds digit of 19383?
3
What is the thousands digit of 28768?
8
What is the hundreds digit of 43235?
2
What is the hundreds digit of 489?
4
What is the hundreds digit of 66535?
5
What is the thousands digit of 6757?
6
What is the ten thousands digit of 20336?
2
What is the thousands digit of 36239?
6
What is the units digit of 3029?
9
What is the tens digit of 688?
8
What is the hundreds digit of 705?
7
What is the hundreds digit of 1171?
1
What is the tens digit of 614?
1
What is the tens digit of 683?
8
What is the hundreds digit of 5213?
2
What is the hundreds digit of 520?
5
What is the hundreds digit of 72985?
9
What is the units digit of 11757?
7
What is the tens digit of 127013?
1
What is the ten thousands digit of 11316?
1
What is the tens digit of 604?
0
What is the tens digit of 221?
2
What is the units digit of 126393?
3
What is the units digit of 6659?
9
What is the hundreds digit of 8122?
1
What is the hundreds digit of 2677?
6
What is the thousands digit of 1023?
1
What is the tens digit of 342?
4
What is the tens digit of 54?
5
What is the tens digit of 357?
5
What is the thousands digit of 46468?
6
What is the tens digit of 6849?
4
What is the units digit of 19650?
0
What is the units digit of 69622?
2
What is the hundreds digit of 33337?
3
What is the units digit of 35858?
8
What is the hundreds digit of 6852?
8
What is the thousands digit of 8943?
8
What is the tens digit of 8074?
7
What is the units digit of 2734?
4
What is the thousands digit of 13928?
3
What is the units digit of 6876?
6
What is the units digit of 432?
2
What is the units digit of 264?
4
What is the ten thousands digit of 72406?
7
What is the units digit of 973?
3
What is the units digit of 891?
1
What is the ten thousands digit of 57083?
5
What is the hundreds digit of 3029?
0
What is the hundreds digit of 7296?
2
What is the tens digit of 8130?
3
What is the hundreds digit of 2345?
3
What is the hundreds digit of 495?
4
What is the tens digit of 35449?
4
What is the units digit of 20866?
6
What is the ten thousands digit of 23270?
2
What is the hundreds digit of 2732?
7
What is the units digit of 6625?
5
What is the tens digit of 28707?
0
What is the units digit of 116?
6
What is the units digit of 61707?
7
What is the hundreds digit of 48080?
0
What is the tens digit of 4727?
2
What is the hundreds digit of 64270?
2
What is the thousands digit of 2118?
2
What is the tens digit of 164?
6
What is the hundreds digit of 1184?
1
What is the hundreds digit of 20445?
4
What is the units digit of 681?
1
What is the tens digit of 23617?
1
What is the units digit of 1131?
1
What is the hundreds digit of 2043?
0
What is the thousands digit of 17165?
7
What is the tens digit of 20113?
1
What is the hundreds digit of 4574?
5
What is the tens digit of 1504?
0
What is the ten thousands digit of 78682?
7
What is the hundreds digit of 148585?
5
What is the units digit of 21597?
7
What is the tens digit of 2796?
9
What is the thousands digit of 9706?
9
What is the units digit of 41098?
8
What is the tens digit of 677?
7
What is the tens digit of 8317?
1
What is the units digit of 4955?
5
What is the units digit of 11784?
4
What is the hundreds digit of 10487?
4
What is the thousands digit of 27103?
7
What is the units digit of 2898?
8
What is the units digit of 15395?
5
What is the ten thousands digit of 16314?
1
What is the tens digit of 634?
3
What is the units digit of 2582?
2
What is the ten thousands digit of 11513?
1
What is the hundreds digit of 30442?
4
What is the hundreds digit of 262?
2
What is the tens digit of 28881?
8
What is the tens digit of 3093?
9
What is the tens digit of 21447?
4
What is the ten thousands digit of 22253?
2
What is the hundreds digit of 26751?
7
What is the hundreds digit of 6079?
0
What is the tens digit of 22605?
0
What is the hundreds digit of 605?
6
What is the units digit of 2879?
9
What is the hundreds digit of 3746?
7
What is the units digit of 6428?
8
What is the thousands digit of 46830?
6
What is the tens digit of 8098?
9
What is the hundreds digit of 9915?
9
What is the thousands digit of 3176?
3
What is the units digit of 16803?
3
What is the units digit of 12930?
0
What is the tens digit of 24698?
9
What is the hundreds digit of 28634?
6
What is the tens digit of 8671?
7
What is the hundreds digit of 321?
3
What is the hundreds digit of 14458?
4
What is the hundreds digit of 12791?
7
What is the units digit of 3863?
3
What is the units digit of 19140?
0
What is the thousands digit of 5678?
5
What is the units digit of 51677?
7
What is the ten thousands digit of 143729?
4
What is the hundreds digit of 9444?
4
What is the thousands digit of 24030?
4
What is the units digit of 4839?
9
What is the ten thousands digit of 20677?
2
What is the hundreds digit of 3939?
9
What is the hundreds digit of 3268?
2
What is the ten thousands digit of 85298?
8
What is the hundreds digit of 24670?
6
What is the units digit of 1513?
3
What is the thousands digit of 9763?
9
What is the tens digit of 1665?
6
What is the units digit of 124?
4
What is the units digit of 18895?
5
What is the units digit of 8068?
8
What is the thousands digit of 22828?
2
What is the units digit of 12?
2
What is the tens digit of 3926?
2
What is the ten thousands digit of 16475?
1
What is the tens digit of 1773?
7
What is the tens digit of 4980?
8
What is the thousands digit of 9628?
9
What is the hundreds digit of 948?
9
What is the tens digit of 3188?
8
What is the thousands digit of 2188?
2
What is the hundreds digit of 775?
7
What is the thousands digit of 6351?
6
What is the hundreds digit of 734?
7
What is the tens digit of 536?
3
What is the units digit of 3284?
4
What is the tens digit of 70?
7
What is the thousands digit of 2296?
2
What is the hundreds digit of 1017?
0
What is the units digit of 7332?
2
What is the hundreds digit of 962?
9
What is the thousands digit of 2303?
2
What is the units digit of 8586?
6
What is the units digit of 35780?
0
What is the tens digit of 69487?
8
What is the thousands digit of 20336?
0
What is the hundreds digit of 2052?
0
What is the hundreds digit of 21100?
1
What is the thousands digit of 1699?
1
What is the tens digit of 540?
4
What is the units digit of 43675?
5
What is the hundreds digit of 109?
1
What is the units digit of 105222?
2
What is the ten thousands digit of 60776?
6
What is the thousands digit of 16578?
6
What is the hundreds digit of 5566?
5
What is the tens digit of 3070?
7
What is the tens digit of 1490?
9
What is the tens digit of 4691?
9
What is the hundreds digit of 241?
2
What is the thousands digit of 17835?
7
What is the tens digit of 52223?
2
What is the units digit of 97567?
7
What is the hundreds digit of 417?
4
What is the hundreds digit of 82400?
4
What is the hundreds digit of 204?
2
What is the thousands digit of 9292?
9
What is the thousands digit of 41087?
1
What is the thousands digit of 1142?
1
What is the hundreds digit of 6638?
6
What is the tens digit of 97?
9
What is the hundreds digit of 1638?
6
What is the tens digit of 1702?
0
What is the units digit of 41474?
4
What is the hundreds digit of 24482?
4
What is the tens digit of 519?
1
What is the units digit of 2215?
5
What is the ten thousands digit of 14191?
1
What is the tens digit of 421?
2
What is the tens digit of 43?
4
What is the units digit of 1366?
6
What is the ten thousands digit of 13132?
1
What is the ten thousands digit of 11062?
1
What is the ten thousands digit of 25433?
2
What is the tens digit of 454?
5
What is the tens digit of 4335?
3
What is the ten thousands digit of 22767?
2
What is the units digit of 1121?
1
What is the tens digit of 17?
1
What is the units digit of 2055?
5
What is t